 + 20. Determine n(7).
6
Let i(c) = 4*c + 8. Calculate i(-4).
-8
Let i(v) = -v**2 + 19*v + 44. What is i(-3)?
-22
Let v(g) = -g**2 + 15*g + 57. Give v(18).
3
Let t(k) = k**3 - 5*k**2 - 6*k + 1. What is t(6)?
1
Let n(r) = -r**2 + 7. Calculate n(3).
-2
Let r(o) = -o**3 - o**2 - o - 5. Determine r(-2).
1
Let j(q) = -3*q - 38. Give j(-11).
-5
Let m(f) = -f**3 + f**2 + 4. Calculate m(0).
4
Let v(y) = -y**2 + 6*y - 6. Calculate v(6).
-6
Let q(j) = j**2 + 3*j - 4. What is q(2)?
6
Let f(k) = -k + 9. Calculate f(13).
-4
Let w(a) = a**3 - a**2 - 4*a - 2. What is w(4)?
30
Let q(p) = 4*p + 7. Calculate q(-8).
-25
Let a(n) = n**3 - 2*n**2 - n + 6. What is a(3)?
12
Let b(y) = 7*y + 86. Determine b(-26).
-96
Let w(v) = v**2 + 39*v - 1. What is w(0)?
-1
Let s(v) = -13*v + 13. Calculate s(13).
-156
Let o(r) = -r**3 + 9*r**2 - 6*r - 4. Determine o(6).
68
Let r(g) = -32*g + 176. Calculate r(5).
16
Let i(j) = -j**3 - 4*j**2 + 26*j + 13. Calculate i(-7).
-22
Let c(l) = l**3 - 20*l**2 - 21*l - 1. Determine c(21).
-1
Let r(k) = 6*k. What is r(-1)?
-6
Let x(o) = 3*o**2 + 18*o + 11. Calculate x(-6).
11
Let p(c) = c**2 - 4*c - 9. Calculate p(5).
-4
Let n(d) = -d**3 - 10*d**2 - 8*d - 4. Give n(-8).
-68
Let d(w) = 4*w**2 - 15*w - 130. Give d(-4).
-6
Let r(m) = -2*m + 5. Calculate r(9).
-13
Let o(b) = 19*b + 83. What is o(-6)?
-31
Let o(p) = -6*p**3 + 2*p**2 - 3*p + 3. Give o(2).
-43
Let b(n) = -4*n**2 - 4*n + 8. Give b(2).
-16
Let d(f) = 2*f**2 + 2*f + 5. Determine d(-4).
29
Let p(a) = a - 3. Calculate p(4).
1
Let k(i) = i**2 + 9*i + 6. Give k(-7).
-8
Let i(j) = -j**2 + 9*j + 15. Determine i(11).
-7
Let b(p) = p**3 - 31*p**2 + 5*p - 157. Determine b(31).
-2
Let v(g) = -2*g + 11. What is v(9)?
-7
Let p(h) = -6*h + 17. What is p(8)?
-31
Let w(u) = -u**2 - 3*u + 96. Calculate w(-11).
8
Let d(m) = -3*m**3 + 2*m**2 + 4*m - 5. Calculate d(2).
-13
Let f(l) = l**3 - 4*l. Calculate f(3).
15
Let r(v) = -2*v - 15. What is r(-6)?
-3
Let w(x) = -x**2 - 21*x + 26. What is w(-22)?
4
Let d(p) = -p**3 + 14*p**2 + 12*p + 51. Give d(15).
6
Let x(h) = -2*h**2 + 6*h + 7. Calculate x(5).
-13
Let y(m) = -m**2 + 13*m - 29. Determine y(8).
11
Let c(y) = y**3 - 26*y**2 - y + 39. Calculate c(26).
13
Let k(u) = u**3 - 7*u**2 + 10*u. Calculate k(3).
-6
Let r(m) = -3*m**3 + 2*m**2 + 4*m - 5. Determine r(2).
-13
Let h(d) = d**3 + 3*d**2 + 2*d + 5. Give h(-5).
-55
Let i(c) = -c**2 - 1. Determine i(2).
-5
Let d(n) = n**3 + 11*n**2 + 2*n + 11. Determine d(-11).
-11
Let z(u) = -u**3 + 7*u**2 + 13*u - 6. Determine z(9).
-51
Let x(w) = -2*w**2 + 34*w - 35. Calculate x(16).
-3
Let t(j) = j**3 - 19*j**2 + j - 13. Determine t(19).
6
Let b(q) = 2*q**3 + 3*q**2 - 2*q + 3. Calculate b(-3).
-18
Let v(t) = -6*t**3 + 2*t**2 - 2. Determine v(1).
-6
Let o(u) = -11*u**2 + 3*u - 2. Give o(-1).
-16
Let b(x) = -102*x + 219. Give b(2).
15
Let v(n) = 8*n**2 + 3*n - 3. Calculate v(2).
35
Let b(y) = -2*y**3 - 22*y**2 - 46*y + 19. Calculate b(-8).
3
Let x(j) = j**2 + 22*j. Give x(-22).
0
Let a(i) = i**3 - 10*i**2 + 8*i + 9. What is a(9)?
0
Let x(y) = -y**3 - 10*y**2 - y + 1. What is x(-10)?
11
Let y(s) = -s**3 + 10*s**2 - 11*s + 17. What is y(9)?
-1
Let k(h) = h - 6. Determine k(1).
-5
Let m(d) = -d + 8. Give m(0).
8
Let v(z) = -z**3 + 5*z**2 - z + 4. Determine v(4).
16
Let x(i) = -i**3 + 7*i**2 - 5*i + 1. Calculate x(6).
7
Let u(y) = -3*y**2 + 16*y + 29. What is u(7)?
-6
Let v(l) = -4*l + 25. Calculate v(3).
13
Let d(w) = w**3 - 6*w**2 + 2*w + 3. Give d(5).
-12
Let s(j) = j**3 + 25*j**2 + 2*j + 54. Calculate s(-25).
4
Let x(z) = -z**2 + 10*z + 29. What is x(11)?
18
Let f(j) = j - 9. Calculate f(1).
-8
Let l(t) = -t**3 + 64*t**2 - 65*t + 132. What is l(63)?
6
Let c(y) = y**3 + 9*y**2 + 6*y - 12. Calculate c(-8).
4
Let k(w) = -88*w + 1. Determine k(-1).
89
Let c(t) = t**3 + t**2 + t - 11. What is c(0)?
-11
Let p(w) = 2*w**3 + 5*w**2 + w - 4. What is p(-3)?
-16
Let o(z) = z**2 - 25*z - 81. What is o(-3)?
3
Let r(n) = -n**3 + 15*n**2 - 12*n - 40. Determine r(14).
-12
Let g(k) = -k - 2. Calculate g(0).
-2
Let q(z) = 5*z**2 + z - 1. Give q(2).
21
Let z(k) = k**3 - 3*k + 1. Give z(-2).
-1
Let f(q) = -q**2 - 2*q + 14. Determine f(-6).
-10
Let n(o) = -o**3 + 11*o**2 - 14*o - 31. What is n(9)?
5
Let n(k) = -k**3 - 6*k**2 + 5*k + 9. Give n(-6).
-21
Let k(o) = -o**3 - 5*o**2 - o + 4. Determine k(-5).
9
Let g(m) = -m**3 - 5*m**2 - 3*m - 15. Give g(-4).
-19
Let q(x) = x + 1. Determine q(-1).
0
Let l(h) = -h**3 + 40*h**2 + 40*h + 40. What is l(41)?
-1
Let b(m) = m**3 - 6*m**2 + 6*m - 8. Give b(6).
28
Let a(r) = 49*r**2. Give a(1).
49
Let q(o) = o**2 - 4*o + 1. Calculate q(-4).
33
Let c(h) = -h**3 + 5*h**2 + 11*h - 53. Give c(5).
2
Let w(o) = 2*o**2 + 42*o - 53. Calculate w(-22).
-9
Let j(t) = -16*t**3 + t**2 - 5*t + 4. Determine j(1).
-16
Let k(h) = 11*h + 163. What is k(-14)?
9
Let t(a) = a**3 - 9*a**2 - 4*a + 16. Give t(9).
-20
Let d(g) = 66*g + 126. What is d(-2)?
-6
Let h(a) = -10*a - 8. Determine h(-4).
32
Let z(q) = -2*q**2 - 47*q + 78. Calculate z(-25).
3
Let p(h) = -h**3 + 7*h**2 + 2*h - 8. What is p(5)?
52
Let z(u) = u**3 + 14*u**2 - u - 19. Calculate z(-14).
-5
Let z(t) = t**2 - 7*t + 4. What is z(5)?
-6
Let f(q) = q**3 + 10*q**2 - 26*q - 16. Calculate f(-12).
8
Let t(r) = r**3 + 4*r**2 + 3*r + 4. Give t(-3).
4
Let k(b) = 4*b**2 + 6*b + 8. Determine k(-3).
26
Let t(r) = r**3 - 3*r**2 - 7*r - 5. Determine t(-4).
-89
Let v(t) = -t**3 + 19*t**2 - 59. Give v(19).
-59
Let x(m) = m**3 - m**2 - m - 45. Calculate x(0).
-45
Let k(b) = b**2 + 31*b + 117. Determine k(-27).
9
Let l(k) = -27*k + 868. What is l(32)?
4
Let k(t) = -t**3 + t**2 + t + 6. Determine k(0).
6
Let f(c) = 2*c + 58. Determine f(-32).
-6
Let u(l) = l**2 + 24*l + 19. Calculate u(-21).
-44
Let s(v) = v**3 + 2*v**2 + 4*v. What is s(-2)?
-8
Let k(i) = -i + 14. Give k(11).
3
Let m(f) = f**3 - 2*f**2 - 15*f + 37. Calculate m(3).
1
Let d(p) = p**3 - 20*p**2 - 43*p + 3. Determine d(22).
25
Let i(n) = 3*n - 5. What is i(1)?
-2
Let d(a) = a**3 - 12*a**2 + 8*a + 13. Calculate d(11).
-20
Let z(s) = -2*s - 68. Calculate z(-37).
6
Let g(n) = 25*n. What is g(-1)?
-25
Let v(c) = -3*c**2 + 56*c - 58. What is v(17)?
27
Let j(t) = -t**3 + 7*t**2 - 10*t + 18. Calculate j(6).
-6
Let o(f) = -18*f**2 - 85*f - 5. Calculate o(-5).
-30
Let j(h) = -h**2 + 11*h - 31. Determine j(8).
-7
Let a(f) = f**2 - 12*f + 16. Calculate a(8).
-16
Let p(n) = -n**2 + 4*n - 8. Determine p(6).
-20
Let n(b) = 7*b**3 + 9*b**2 + 9*b + 1. Determine n(-1).
-6
Let w(c) = -c**3 - 6*c**2 - 2*c - 1. What is w(-6)?
11
Let w(z) = z**3 - 32*z**2 + z - 42. Give w(32).
-10
Let k(x) = x**3 - 16*x**2 + 11. Calculate k(16).
11
Let v(y) = -y**3 + 17*y**2 + 16*y + 27. Determine v(18).
-9
Let r(c) = c**3 - 7*c**2 - 10*c - 8. What is r(8)?
-24
Let q(l) = 193*l - 5. What is q(0)?
-5
Let n(d) = -5*d - 101. Give n(-20).
-1
Let q(g) = -2*g**2 + 4*g + 27. Determine q(-4).
-21
Let d(o) = o**3 + 6*o**2 - 23*o - 51. Give d(-8).
5
Let z(d) = 15*d - 2. Give z(1).
13
Let d(z) = -z - 20. What is d(6)?
-26
Let s(p) = -p**2 - 55*p - 685. Calculate s(-36).
-1
Let s(l) = -4*l + 11. Calculate s(8).
-21
Let p(g) = -4*g - 18. What is p(-6)?
6
Let b(q) = -q**2 + 14*q - 37. Determine b(12).
-13
Let n(i) = -10*i - 7. What is n(-3)?
23
Let k(g) = -g**2 - 7*g - 11. Give k(-6).
-5
Let f(k) = k**2 - 4*k - 17. Calculate f(7).
4
Let r(d) = -2*d + 3. What is r(0)?
3
Let r(t) = -2*t + 13. What is r(15)?
-17
Let m(q) = -q**2 - 12*q + 1. What is m(-13)?
-12
Let i(p) = -p**3 + 11*p**2 + 24*p + 20. Give i(13).
-6
Let s(i) = 2*i**3 + i**2 - i + 2. Give s(-3).
-40
Let t(x) = -3*x - 3. Calculate t(-6).
15
Let i(h) = -2*h**3 + 2*h**2 + 2*h + 7. Determine i(-2).
27
Let n(b) = -6*b + 64. Calculate n(11).
-2
Let x(r) = -2*r**3 + 63*r**2 + 31*r + 20. Determine x(32).
-12
Let a(s) = 61*s**3 + 2*s**2 - 1. Give a(-1).
-60
Let t(q) = q**3 - 8*q**2 - 9*q - 4. Give t(9).
-4
Let b(v) = 3*v**2 - 26*v + 31. Determine b(8).
15
Let h(q) = -q**3 - 8*q**2 + 10*q - 17. Calculate h(-9).
-26
Let y(z) = z**3 + 14*z**2 + 23*z - 7. Determine y(-12).
5
Let o(s) = -2*s - 14. Calculate o(-5).
-4
Let s(i) = 39*i. Calculate s(1).
39
Let l(m) = 139*m**2 - 560*m + 5. Calculate l(4).
-11
Let k(z) = -z**3 - 19*z**2 + 20*z - 8. Determine k(-20).
-8
Let g(y) = -y - 5. Determine g(-7).
2
Let p(i) = i**3 